factor of f and 70?
14
Suppose -5*p = -140 + 10. What is the greatest common factor of 4 and p?
2
Let r = -29 - -30. What is the highest common factor of 5 and r?
1
Let y be ((-5)/((-25)/280))/((-1)/(-1)). What is the highest common factor of 14 and y?
14
Let o(n) = -n**2 + n + 5. Let g be o(0). Suppose 3*s + 4*t - 250 = -89, 2*s + g*t - 112 = 0. Calculate the highest common factor of 34 and s.
17
Suppose -3*s - 2*s = 35. Let p = -4 - s. Let v be 12/9*81/p. What is the highest common factor of 24 and v?
12
Suppose -381 = -5*b + 174. Calculate the greatest common divisor of b and 74.
37
Suppose 6*p + 2*p - 912 = 0. Calculate the greatest common divisor of 171 and p.
57
Let b = 2 - -16. Let d = b + -13. Suppose 0*q - 45 = -d*q. Calculate the greatest common divisor of 63 and q.
9
Let j = -3 - -2. Let x = j + 4. Suppose 2*c - 5*r - 18 = -2*c, x*c - 2 = -2*r. Calculate the greatest common factor of c and 2.
2
Suppose 5*f = -4*y + 10, 0 = 3*f + f + 2*y - 8. Let h = 43 + -23. Let z = h + -14. What is the greatest common divisor of z and f?
2
Suppose -2*x - 252 = -5*x. What is the greatest common factor of x and 56?
28
Let w be ((-6)/(-15))/(-4*(-3)/1200). What is the greatest common divisor of 8 and w?
8
Suppose 105 = 5*n - 0*n. Let u be 120/n - 6/(-21). Calculate the highest common divisor of u and 66.
6
Suppose 5*p = 9*p - 112. What is the highest common divisor of 42 and p?
14
Let k be (-36 + 2)/(10/5). Let b = 27 + k. What is the highest common factor of b and 110?
10
Let w = -137 - -275. Let r = w + -87. What is the greatest common divisor of 34 and r?
17
Let s = -141 + 309. What is the highest common divisor of s and 24?
24
Let o(g) = 6*g**2 + 12*g + 9. Let k be o(-6). Calculate the highest common divisor of k and 9.
9
Let k be -4 + 0 + -6*(-632)/24. What is the highest common factor of 11 and k?
11
Let k be 2/((-2)/45) + 1. Let i = -24 - k. Calculate the greatest common divisor of 40 and i.
20
Let w = -128 + 176. Calculate the greatest common divisor of 336 and w.
48
Let o = 8 + 6. Calculate the greatest common factor of 7 and o.
7
Suppose -5*i = -114 - 421. Let r = 48 - 11. Let d = i - r. Calculate the highest common divisor of 10 and d.
10
Let r = -8 + 14. What is the greatest common divisor of r and 15?
3
Let v(p) = p**3 + 9*p**2 - 10*p + 12. Suppose 5*d = 4*q - 46, -4*q + q = -2*d - 17. Let x be v(d). Calculate the highest common factor of 48 and x.
12
Let x be 2 - 1/((-3)/(-6)). Suppose x*s = 4*s + 4. Let k be (6 - s)*(-4)/(-4). What is the greatest common factor of k and 28?
7
Let r be (-10)/45 - 328/(-18). Calculate the greatest common divisor of 72 and r.
18
Let u = 52 + -12. Let x(w) = -w + 27. Let p be x(11). Calculate the highest common factor of p and u.
8
Let v be -3*2*8/(-12). Suppose -4*t + 7*t - 12 = 0. What is the greatest common factor of v and t?
4
Let z = 2 - 1. Let y be (9/12)/(z/4). Calculate the highest common factor of y and 12.
3
Let w = 216 - 108. What is the greatest common divisor of w and 12?
12
Let q(z) be the third derivative of -5*z**4/24 - z**3/2 - z**2. Let c be q(-7). Calculate the greatest common divisor of 4 and c.
4
Let c = 4 - 2. Let m be 498/9 - c/6. Suppose 0 = 3*v + 2*v - m. What is the highest common factor of 1 and v?
1
Let m = -80 - -120. Suppose 0*j = -2*j + m. What is the highest common divisor of j and 50?
10
Suppose 6 = 3*f + 3*y, -y = -3*f + y + 16. What is the greatest common factor of 4 and f?
4
Let o(d) = d - 7. Let h be o(7). Suppose 5*q - 25 = -h. Let r be (-4)/3*(-9)/6. What is the greatest common factor of r and q?
1
Suppose -2*v - 295 = 3*v. Let c = v - -115. Let t be 8 + 0 + 0 + 0. Calculate the highest common divisor of c and t.
8
Let z = 13 - 9. What is the highest common factor of 6 and z?
2
Let m(k) = 15*k**3 - 2*k + 1. Let z(a) = -a**3 - 5*a**2 + 6*a + 2. Let f be z(-6). Let u be m(f). Calculate the greatest common factor of u and 13.
13
Let f = -241 + 257. Let p(y) = -350*y + 1. Let d be p(-1). Suppose -433 = -4*a + 5*z, 3*a + z = -4*z + d. What is the highest common factor of a and f?
16
Let v be 19/((2/4)/((-4)/(-8))). Let p be ((-11)/(-2))/((-2)/(-76)). What is the highest common divisor of v and p?
19
Suppose -3*q + 10*q = 105. Calculate the greatest common factor of q and 165.
15
Let j(b) = 3*b**2 - b - 1. Let i be j(-4). Suppose 3*w + 45 = 3*y, 0 = 2*y - 0*y + 5*w - i. What is the greatest common divisor of y and 12?
6
Suppose -4*b - 15 = -4*f + f, 3*b + f - 5 = 0. Suppose t - 2 + b = 0. Calculate the greatest common factor of 6 and t.
2
Let l = 3 - 18. Let g be -2 + (0 - (l + -3)). Suppose 0 = -m + 20 - 4. Calculate the highest common divisor of m and g.
16
Let b = 9 - 4. Suppose 0 = -i + b*i - 220. Let y = 109 - i. Calculate the highest common divisor of y and 6.
6
Suppose 13*i - 256 = -3*i. Calculate the greatest common factor of i and 72.
8
Suppose -5*v + 2*y + 5 = -22, -4*v = -5*y - 8. What is the greatest common divisor of 35 and v?
7
Let w = 124 + -79. Let i be 3 - 1 - 5*1. Let p = w - i. What is the highest common divisor of 32 and p?
16
Suppose o - 47 - 145 = 0. What is the highest common factor of 12 and o?
12
Let i be (-5 - -19)*(6 + 4). Let w be ((-16)/(-10))/(6/105). What is the greatest common divisor of w and i?
28
Let s(f) = 2*f**2 + 5*f - 7. Let j be s(-5). Calculate the greatest common factor of j and 2.
2
Suppose 3*f = -5*o - 103 - 357, 3*f - 184 = 2*o. Let g = -66 - o. What is the highest common factor of g and 52?
26
Let b = 10 + -8. Let a(d) = 3*d**3 - 2*d**2 - d + 1. Let z be a(b). Let i be (8/(-3))/((-5)/z). What is the highest common divisor of 40 and i?
8
Suppose 6*o = 2*o - 8. Let n = 1 - 3. Let j be (62 + o)/2 - n. What is the greatest common factor of 4 and j?
4
Suppose -28 + 3 = -5*i. Let s be (-5)/2*(-4)/i. Let a be 1 - s/(2/(-11)). Calculate the highest common factor of 3 and a.
3
Suppose 13*h - 170 = 246. What is the highest common factor of 128 and h?
32
Let p be (-2 - 24/(-9))*9. Calculate the highest common divisor of p and 24.
6
Suppose 46 = 5*i - 24. Calculate the highest common factor of 35 and i.
7
Let m(j) = -j**3 - 19*j**2 - 20*j + 41. Let t be m(-18). Calculate the greatest common factor of t and 11.
11
Let y(c) be the second derivative of c**4/6 + c**3/2 - c**2/2 + 4*c. Let t be y(-3). Calculate the highest common factor of 16 and t.
8
Suppose -j + 273 = 264. Calculate the greatest common factor of 3 and j.
3
Let d(n) = n**2 - n + 13. Let w be d(0). Let i be (-8)/20 + (-1371)/(-15). What is the highest common divisor of w and i?
13
Let p(a) = 5*a**3 - 13*a**2 - 2*a + 1. Let t be p(4). Calculate the greatest common divisor of 15 and t.
15
Let k = -150 + 213. Let a = 42 - 0. What is the highest common factor of k and a?
21
Let c(u) = -u**3 - 9*u**2 - 15*u - 1. Let o(j) = j - 1. Let r be o(-6). Let n be c(r). Suppose 0 = 3*q + 7 - 52. What is the highest common factor of q and n?
3
Let y(a) = a**2 - 4*a - 2. Let k be y(5). Let t be 36/6 + 1*-2. Suppose t*o - 10 = -2*u, -u + k*o + 14 = 2*o. What is the greatest common divisor of 44 and u?
11
Let a = -2 - 1. Let p be ((-2)/a)/((-2)/3). Let k = p + 16. What is the greatest common factor of k and 165?
15
Suppose 18 = 12*j - 15*j. Let b(d) = 4*d**2 + 5*d - 4. Let q be b(j). Calculate the greatest common divisor of 11 and q.
11
Let o(p) = 4*p**3 - p**2 + 4*p + 1. Let d be o(3). What is the greatest common factor of 16 and d?
16
Suppose 3*d + 0*d - 4*o = 35, 5*d = -o + 66. Let x = -128 + 232. What is the highest common divisor of x and d?
13
Suppose 3*n - 48 = 267. Calculate the highest common factor of n and 60.
15
Let l = -33 - -66. Suppose -2*n = -43 - 1. What is the highest common divisor of n and l?
11
Let v be ((-2)/3)/(2/(-180)). Let c = 54 + 12. Suppose 0 = -3*w + c + 6. What is the highest common divisor of v and w?
12
Let n(w) = 2*w**3 + 28*w**2 - w - 6. Let k be n(-14). Suppose -t + 38 = -2*b, 3*b + 85 = 2*t + 8*b. Calculate the highest common divisor of k and t.
8
Suppose -2*q - 5*a = -147 + 36, a = 5. Suppose -5*f - q = -163. Calculate the greatest common divisor of f and 36.
12
Let n = -8 - -13. Suppose 4*l - n*l = -2. What is the greatest common factor of 8 and l?
2
Let y(p) = p**3 + p**2 - 1. Let l be y(2). Calculate the highest common factor of 99 and l.
11
Let p be 2